{"id":216,"date":"2017-03-07T17:20:53","date_gmt":"2017-03-07T17:20:53","guid":{"rendered":"https:\/\/events.cc-netzwerk.eu\/?page_id=216"},"modified":"2017-03-07T17:22:32","modified_gmt":"2017-03-07T17:22:32","slug":"impressum-datenschutz","status":"publish","type":"page","link":"https:\/\/events.cc-netzwerk.eu\/?page_id=216","title":{"rendered":"Impressum &#038; Datenschutz"},"content":{"rendered":"<p>[et_pb_section admin_label=&#8220;section&#8220;][et_pb_row admin_label=&#8220;row&#8220;][et_pb_column type=&#8220;4_4&#8243;][et_pb_text admin_label=&#8220;Text&#8220; background_layout=&#8220;light&#8220; text_orientation=&#8220;left&#8220; use_border_color=&#8220;off&#8220; border_color=&#8220;#ffffff&#8220; border_style=&#8220;solid&#8220;]<\/p>\n<h1>Impressum<\/h1>\n<div class=\"et_pb_column et_pb_column_1_2 et_pb_column_5\">\n<div class=\"et_pb_text et_pb_module et_pb_bg_layout_light et_pb_text_align_left et_pb_text_1\">\n<div class=\"row\">\n<div class=\"span12\" data-motopress-type=\"static\" data-motopress-static-file=\"static\/static-title.php\">\n<section class=\"title-section\">\n<h3 class=\"title-header\">Angaben gem\u00e4\u00df \u00a7 5 TMG:<\/h3>\n<\/section>\n<\/div>\n<\/div>\n<div id=\"content\" class=\"row\">\n<div class=\"span12\" data-motopress-type=\"loop\" data-motopress-loop-file=\"loop\/loop-page.php\">\n<div id=\"post-66\" class=\"page post-66 type-page status-publish hentry\">\n<p>CC-Netzwerk e. V.<br \/>\nSchillerstra\u00dfe 2<br \/>\nD-74855 Ha\u00dfmersheim<\/p>\n<p>Projektverantwortlich:<\/p>\n<p>Heiko Dolgener<br \/>\nSchillerstr. 2<br \/>\n74855 Ha\u00dfmersheim<\/p>\n<p>Kontakt:E-Mail:\u00a0info@it-die-bewegt.de<br \/>\nTelefon: +49 (0)6266 \u2013 23795020<br \/>\nFax: +49 (0)6266 \u2013 23795029<\/p>\n<p>&nbsp;<\/p>\n<\/div>\n<\/div>\n<\/div>\n<\/div>\n<\/div>\n<div class=\"et_pb_column et_pb_column_1_2 et_pb_column_6\">\n<div class=\"et_pb_text et_pb_module et_pb_bg_layout_light et_pb_text_align_left et_pb_text_2\">\n<h3>Verantwortlich f\u00fcr den Inhalt nach \u00a7 55 Abs. 2 RStV:<\/h3>\n<p>CC-Netzwerk e. V.<br \/>\nSchillerstra\u00dfe 2<br \/>\nD-74855 Ha\u00dfmersheim<\/p>\n<p>Projektverantwortlich:<\/p>\n<p>Ann-Kathrin Radtke<br \/>\nSchillerstr. 2<br \/>\n74855 Ha\u00dfmersheim<\/p>\n<p>Kontakt:<\/p>\n<p>E-Mail:\u00a0info@it-die-bewegt.de<br \/>\nTelefon: +49 (0)6266 \u2013\u00a0274 99 40<br \/>\nFax: +49 (0)6266 \u2013 274 99 49<\/p>\n<\/div>\n<\/div>\n<p>&nbsp;<\/p>\n<h1><\/h1>\n<p>[\/et_pb_text][\/et_pb_column][\/et_pb_row][\/et_pb_section][et_pb_section fullwidth=&#8220;off&#8220; specialty=&#8220;off&#8220; admin_label=&#8220;Sektion&#8220;][et_pb_row admin_label=&#8220;Zeile&#8220;][et_pb_column type=&#8220;4_4&#8243;][et_pb_text admin_label=&#8220;Text&#8220; background_layout=&#8220;light&#8220; text_orientation=&#8220;left&#8220; use_border_color=&#8220;off&#8220; border_color=&#8220;#ffffff&#8220; border_style=&#8220;solid&#8220;]<\/p>\n<h1>Datenschutz:<\/h1>\n<h3>Hinweise zum Datenschutz:<\/h3>\n<p>F\u00fcr den CC- Netzwerk e.V. ist der Schutz personenbezogener Daten von h\u00f6chster Bedeutung. Deshalb informieren Sie wir an dieser Stelle wie wir Ihre Privatsph\u00e4re sch\u00fctzen, wenn Sie uns Ihre personenbezogenen Daten zur Verf\u00fcgung stellen. Neben der selbstverst\u00e4ndlichen Einhaltung der gesetzlichen Bestimmungen zum Datenschutz m\u00f6chten wird uns mit diesen Hinweisen zum verantwortungsvollen Umgang mit Ihren Daten verpflichten, sodass Ihre Privatsph\u00e4re zu jeder Zeit gesch\u00fctzt wird. Als gesetzliche Grundlagen dienen insbesondere das Bundesdatenschutzgesetz (BDSG) sowie das Telemedien (TMG). Uns ist es wichtig, dass Sie sich beim Besuch unserer Internet-Seiten sicher und wohl f\u00fchlen.<\/p>\n<h3>Warum wir Daten verwenden:<\/h3>\n<p>Wir m\u00f6chten unser Angebot st\u00e4ndig verbessern und das Online-Angebot f\u00fcr Sie attraktiver gestalten. Personenbezogene Informationen werden vom CC-Netzwerk e.V. zu Zwecken der technischen Administration der Webseiten, zur Kundenverwaltung, f\u00fcr Produktumfragen und f\u00fcr das Marketing nur im jeweils daf\u00fcr erforderlichen Umfang verwandt. Je besser wir Ihre W\u00fcnsche verstehen, desto schneller finden Sie die gew\u00fcnschte Information auf unseren Internetseiten.<\/p>\n<h3>Allgemeine Informationen:<\/h3>\n<p>Wenn Sie auf die Internetseiten des CC-Netzwerk e. V. zugreifen, werden automatisch Informationen allgemeiner Natur erfasst. Diese Informationen beinhalten z.B. die Art des Webbrowsers, das verwendete Betriebssystem, den Domainnamen Ihres Internet Service Providers und \u00e4hnliches. Hierbei handelt es sich ausschlie\u00dflich um Informationen, welche keine R\u00fcckschl\u00fcsse auf Ihre Person zulassen. Zudem werden diese Daten ebenso beim Zugriff auf jede andere Webseite im Internet generiert. Es handelt sich hierbei also nicht um eine spezifische Funktion der CC-Netzwerk e. V. Internetseiten. Informationen dieser Art werden ausschlie\u00dflich anonymisiert erhoben und von uns statistisch ausgewertet.<\/p>\n<h3>\u00a0Pers\u00f6nliche Informationen:<\/h3>\n<p>Sofern Sie auf unseren Seiten aufgefordert werden, pers\u00f6nliche Informationen wie z. B. Name, Adresse oder Telefonnummer anzugeben, unterliegt dies besonderen Bestimmungen, auf die Sie dort mit folgendem Wortlaut hingewiesen werden:<\/p>\n<p>Ich bin damit einverstanden, dass meine personenbezogenen Daten (einschlie\u00dflich Telefonnummer und\/oder Email Adresse) zum Zweck der Informationszusendung, Interessentengewinnung, -befragung und -information erhoben, verarbeitet und genutzt werden. Die Weitergabe an Dritte, mit Ausnahme von Partnergesellschaften des CC-Netzwerk e.V. ist ausgeschlossen. Diese Einwilligung kann ich jederzeit beim CC-Netzwerk e. V., Schillerstra\u00dfe 2, 74855 Ha\u00dfmersheim widerrufen. Wir verwenden diese Daten ausschlie\u00dflich zu den oben genannten Zwecken. Eine Weitergabe Ihrer Daten an Dritte erfolgt nicht. Als Ausnahme gelten hier Dienstleister, die im Auftrag der des CC-Netzwerk e. V. handeln. Neben den Daten, die Sie uns zur Verf\u00fcgung stellen, verwenden wir Informationen aus der Art und Weise, wie Sie unser Angebot nutzen, um Sie m\u00f6glichst schnell zu den Informationen zu f\u00fchren, die f\u00fcr Sie interessant sein k\u00f6nnten, und um unser Angebot st\u00e4ndig zu optimieren. Weitere Informationen zum Thema Datenschutz finden Sie unter der gleichnamigen Rubrik auf unseren Webseiten.<\/p>\n<h3>Wahlm\u00f6glichkeit:<\/h3>\n<p>Wir m\u00f6chten Ihre Daten dazu nutzen, Sie \u00fcber unsere Produkte und Dienstleistungen informieren zu k\u00f6nnen und Sie gegebenenfalls hier\u00fcber zu befragen. Selbstverst\u00e4ndlich ist die Teilnahme an solchen Aktionen freiwillig. Falls Sie hiermit nicht einverstanden sein sollten, k\u00f6nnen Sie uns dies jederzeit auf postalischem Wege mitteilen, damit wir Ihre Daten entsprechend sperren k\u00f6nnen. Weitergehende Informationen finden Sie auf der jeweiligen lokalen Webseite.<\/p>\n<h3>Auskunftsrecht:<\/h3>\n<p>Auf Anforderung teilen wir Ihnen m\u00f6glichst umgehend schriftlich entsprechend des geltenden Rechts mit, ob und welche pers\u00f6nlichen Daten \u00fcber Sie bei uns gespeichert sind. Sollten trotz unserer Bem\u00fchungen um Datenrichtigkeit und Aktualit\u00e4t falsche Informationen gespeichert sein, werden wir diese auf Ihre Aufforderung hin berichtigen.<\/p>\n<h3>Verwenden von Cookies:<\/h3>\n<p>Cookies sind Textdateien, die Informationen enthalten, um wiederkehrende Besucher ausschlie\u00dflich f\u00fcr die Dauer des Besuches auf unseren Internetseiten zu identifizieren. Cookies werden auf der Festplatte Ihres Computers abgespeichert und richten dort keinen Schaden an. Die Cookies unserer Internetseiten enthalten keinerlei pers\u00f6nliche Daten \u00fcber Sie.<\/p>\n<p>Cookies ersparen Ihnen die Mehrfacheingabe von Daten, erleichtern Ihnen die \u00dcbermittlung spezifischer Inhalte und helfen uns bei der Identifizierung besonders popul\u00e4rer Bereiche unseres Onlineangebots. So sind wir u.a. in der Lage, die Inhalte unserer Internetseiten genau auf Ihre Bed\u00fcrfnisse abzustimmen.<\/p>\n<p>Wenn Sie es w\u00fcnschen, k\u00f6nnen Sie die Verwendung von Cookies jederzeit \u00fcber die Einstellungen Ihres Browsers deaktivieren. Bitte verwenden Sie die Hilfefunktionen Ihres Internetbrowsers, um zu erfahren, wie Sie diese Einstellungen \u00e4ndern k\u00f6nnen.<\/p>\n<h3>Sicherheit:<\/h3>\n<p>Der CC-Netzwerk e.V. setzt technische und organisatorische Sicherheitsma\u00dfnahmen ein, um Ihre uns zur Verf\u00fcgung gestellten personenbezogenen Daten durch zuf\u00e4llige oder vors\u00e4tzliche Manipulation, Verlust, Zerst\u00f6rung oder den Zugriff unberechtigter Personen zu sch\u00fctzen. Unsere Sicherheitsma\u00dfnahmen werden entsprechend dem Stand der Technik fortlaufend verbessert und angepasst.<\/p>\n<h3>Google Analytics<\/h3>\n<p>Diese Website benutzt Google Analytics, einen Webanalysedienst der Google Inc. (\u201eGoogle\u201c). Google Analytics verwendet sog. \u201eCookies\u201c, Textdateien, die auf Ihrem Computer gespeichert werden und die eine Analyse der Benutzung der Website durch Sie erm\u00f6glichen. Die durch den Cookie erzeugten Informationen \u00fcber Ihre Benutzung dieser Website werden in der Regel an einen Server von Google in den USA \u00fcbertragen und dort gespeichert. Im Falle der Aktivierung der IP-Anonymisierung auf dieser Website, wird Ihre IP-Adresse von Google jedoch innerhalb von Mitgliedstaaten der Europ\u00e4ischen Union oder in anderen Vertragsstaaten des Abkommens \u00fcber den Europ\u00e4ischen Wirtschaftsraum zuvor gek\u00fcrzt. Nur in Ausnahmef\u00e4llen wird die volle IP-Adresse an einen Server von Google in den USA \u00fcbertragen und dort gek\u00fcrzt. Im Auftrag des Betreibers dieser Website wird Google diese Informationen benutzen, um Ihre Nutzung der Website auszuwerten, um Reports \u00fcber die Websiteaktivit\u00e4ten zusammenzustellen und um weitere mit der Websitenutzung und der Internetnutzung verbundene Dienstleistungen gegen\u00fcber dem Websitebetreiber zu erbringen. Die im Rahmen von Google Analytics von Ihrem Browser \u00fcbermittelte IP-Adresse wird nicht mit anderen Daten von Google zusammengef\u00fchrt. Sie k\u00f6nnen die Speicherung der Cookies durch eine entsprechende Einstellung Ihrer Browser-Software verhindern; wir weisen Sie jedoch darauf hin, dass Sie in diesem Fall gegebenenfalls nicht s\u00e4mtliche Funktionen dieser Website vollumf\u00e4nglich werden nutzen k\u00f6nnen. Sie k\u00f6nnen dar\u00fcber hinaus die Erfassung der durch das Cookie erzeugten und auf Ihre Nutzung der Website bezogenen Daten (inkl. Ihrer IP-Adresse) an Google sowie die Verarbeitung dieser Daten durch Google verhindern, indem sie das unter dem folgenden Link (<a href=\"http:\/\/tools.google.com\/dlpage\/gaoptout?hl=de\" target=\"_blank\">http:\/\/tools.google.com\/dlpage\/gaoptout?hl=de<\/a>) verf\u00fcgbare Browser-Plugin herunterladen und installieren.<\/p>\n<p>Auf mobilen Endger\u00e4ten oder bei nicht unterst\u00fctzten Browsern k\u00f6nnen Sie die Erfassung durch Google Analytics verhindern, indem Sie auf folgenden Link klicken:<\/p>\n<p><strong><a>Google Analytics deaktivieren<\/a><\/strong><\/p>\n<p>Es wird ein Opt-Out-Cookie gesetzt, der die zuk\u00fcnftige Erfassung Ihrer Daten beim Besuch dieser Website verhindert.<\/p>\n<p>N\u00e4here Informationen zu Nutzungsbedingungen und Datenschutz finden Sie unter\u00a0<a href=\"http:\/\/www.google.com\/analytics\/terms\/de.html\" target=\"_blank\">http:\/\/www.google.com\/analytics\/terms\/de.html<\/a>\u00a0bzw. unter\u00a0<a href=\"http:\/\/www.google.com\/intl\/de\/analytics\/privacyoverview.html\" target=\"_blank\">http:\/\/www.google.com\/intl\/de\/analytics\/privacyoverview.html<\/a>.<\/p>\n<p>Zus\u00e4tzlich wurde auf dieser Website Google Analytics um den Code \u201egat._anonymizeIp();\u201c erweitert damit eine anonymisierte Erfassung von IP-Adressen (sog. IP-Masking) gew\u00e4hrleistet werden kann.<\/p>\n<h3>Ansprechpartner:<\/h3>\n<p>F\u00fcr Fragen, Antr\u00e4ge oder Beschwerden zum Thema Datenschutz steht Ihnen unsere Beauftragte f\u00fcr den Datenschutz gerne zur Verf\u00fcgung:<\/p>\n<p>Ann-Kathrin Radtke<\/p>\n<h3>\u00d6ffentliches Verfahrensverzeichnis (BDSG \u00a7 4g und 4e):<\/h3>\n<p>Der Beauftragte f\u00fcr den Datenschutz stellt jedermann die geforderten gesetzlichen Angaben zur Verf\u00fcgung. Bitte fragen Sie direkt bei der verantwortlichen Stelle an.<\/p>\n<h4>Name der verantwortlichen Stelle:<\/h4>\n<p>CC-Netzwerk e. V.<br \/>\nAnn-Kathrin Radtke<br \/>\nHeiko Dolgener<\/p>\n<h4>Anschrift der verantwortlichen Stelle:<\/h4>\n<p>Schillerstra\u00dfe 2<br \/>\nD-74855 Ha\u00dfmersheim<\/p>\n<p>Telefon \u00a0\u00a0 (+49) \u00a0(0)6266 \u2013\u00a0274 99 49<\/p>\n<p>E-Mail \u00a0\u00a0\u00a0\u00a0<a href=\"mailto:info@radop-projects.de\">info@cc-netzwerk.eu<\/a><\/p>\n<h4>Vorst\u00e4nde<\/h4>\n<p>Ann-Kathrin Radtke<br \/>\nHeiko Dolgener<br \/>\nIlona Radtke<\/p>\n<p>[\/et_pb_text][\/et_pb_column][\/et_pb_row][\/et_pb_section][et_pb_section admin_label=&#8220;Sektion&#8220; global_module=&#8220;214&#8243; fullwidth=&#8220;on&#8220; specialty=&#8220;off&#8220; transparent_background=&#8220;off&#8220; allow_player_pause=&#8220;off&#8220; inner_shadow=&#8220;off&#8220; parallax=&#8220;off&#8220; parallax_method=&#8220;off&#8220; custom_padding=&#8220;0px|||&#8220; make_fullwidth=&#8220;off&#8220; use_custom_width=&#8220;off&#8220; width_unit=&#8220;on&#8220; make_equal=&#8220;off&#8220; use_custom_gutter=&#8220;off&#8220;][et_pb_fullwidth_menu global_parent=&#8220;214&#8243; admin_label=&#8220;Vollbreites Men\u00fc&#8220; menu_id=&#8220;none&#8220; background_color=&#8220;rgba(160,160,160,0.18)&#8220; background_layout=&#8220;light&#8220; text_orientation=&#8220;center&#8220; submenu_direction=&#8220;downwards&#8220; fullwidth_menu=&#8220;off&#8220; dropdown_menu_animation=&#8220;fade&#8220; menu_font=&#8220;Arvo||||&#8220;] [\/et_pb_fullwidth_menu][\/et_pb_section]<\/p>\n","protected":false},"excerpt":{"rendered":"<p>Impressum Angaben gem\u00e4\u00df \u00a7 5 TMG: CC-Netzwerk e. V. Schillerstra\u00dfe 2 D-74855 Ha\u00dfmersheim Projektverantwortlich: Heiko Dolgener Schillerstr. 2 74855 Ha\u00dfmersheim Kontakt:E-Mail:\u00a0info@it-die-bewegt.de Telefon: +49 (0)6266 \u2013 23795020 Fax: +49 (0)6266 \u2013 23795029 &nbsp; Verantwortlich f\u00fcr den Inhalt nach \u00a7 55 Abs. 2 RStV: CC-Netzwerk e. V. Schillerstra\u00dfe 2 D-74855 Ha\u00dfmersheim Projektverantwortlich: Ann-Kathrin Radtke Schillerstr. 2 74855 [&hellip;]<\/p>\n","protected":false},"author":2,"featured_media":0,"parent":0,"menu_order":0,"comment_status":"closed","ping_status":"closed","template":"page-template-blank.php","meta":{"_et_pb_use_builder":"on","_et_pb_old_content":"","_et_gb_content_width":"","footnotes":""},"class_list":["post-216","page","type-page","status-publish","hentry"],"yoast_head":"<!-- This site is optimized with the Yoast SEO plugin v27.3 - https:\/\/yoast.com\/product\/yoast-seo-wordpress\/ -->\n<title>Impressum &amp; Datenschutz - Events vom CC-Netzwerk<\/title>\n<meta name=\"robots\" content=\"index, follow, max-snippet:-1, max-image-preview:large, max-video-preview:-1\" \/>\n<link rel=\"canonical\" href=\"https:\/\/events.cc-netzwerk.eu\/?page_id=216\" \/>\n<meta property=\"og:locale\" content=\"de_DE\" \/>\n<meta property=\"og:type\" content=\"article\" \/>\n<meta property=\"og:title\" content=\"Impressum &amp; Datenschutz - Events vom CC-Netzwerk\" \/>\n<meta property=\"og:description\" content=\"Impressum Angaben gem\u00e4\u00df \u00a7 5 TMG: CC-Netzwerk e. V. Schillerstra\u00dfe 2 D-74855 Ha\u00dfmersheim Projektverantwortlich: Heiko Dolgener Schillerstr. 2 74855 Ha\u00dfmersheim Kontakt:E-Mail:\u00a0info@it-die-bewegt.de Telefon: +49 (0)6266 \u2013 23795020 Fax: +49 (0)6266 \u2013 23795029 &nbsp; Verantwortlich f\u00fcr den Inhalt nach \u00a7 55 Abs. 2 RStV: CC-Netzwerk e. V. Schillerstra\u00dfe 2 D-74855 Ha\u00dfmersheim Projektverantwortlich: Ann-Kathrin Radtke Schillerstr. 2 74855 [&hellip;]\" \/>\n<meta property=\"og:url\" content=\"https:\/\/events.cc-netzwerk.eu\/?page_id=216\" \/>\n<meta property=\"og:site_name\" content=\"Events vom CC-Netzwerk\" \/>\n<meta property=\"article:modified_time\" content=\"2017-03-07T17:22:32+00:00\" \/>\n<meta name=\"twitter:card\" content=\"summary_large_image\" \/>\n<meta name=\"twitter:label1\" content=\"Gesch\u00e4tzte Lesezeit\" \/>\n\t<meta name=\"twitter:data1\" content=\"7\u00a0Minuten\" \/>\n<script type=\"application\/ld+json\" class=\"yoast-schema-graph\">{\"@context\":\"https:\\\/\\\/schema.org\",\"@graph\":[{\"@type\":\"WebPage\",\"@id\":\"https:\\\/\\\/events.cc-netzwerk.eu\\\/?page_id=216\",\"url\":\"https:\\\/\\\/events.cc-netzwerk.eu\\\/?page_id=216\",\"name\":\"Impressum & Datenschutz - Events vom CC-Netzwerk\",\"isPartOf\":{\"@id\":\"https:\\\/\\\/events.cc-netzwerk.eu\\\/#website\"},\"datePublished\":\"2017-03-07T17:20:53+00:00\",\"dateModified\":\"2017-03-07T17:22:32+00:00\",\"breadcrumb\":{\"@id\":\"https:\\\/\\\/events.cc-netzwerk.eu\\\/?page_id=216#breadcrumb\"},\"inLanguage\":\"de\",\"potentialAction\":[{\"@type\":\"ReadAction\",\"target\":[\"https:\\\/\\\/events.cc-netzwerk.eu\\\/?page_id=216\"]}]},{\"@type\":\"BreadcrumbList\",\"@id\":\"https:\\\/\\\/events.cc-netzwerk.eu\\\/?page_id=216#breadcrumb\",\"itemListElement\":[{\"@type\":\"ListItem\",\"position\":1,\"name\":\"Startseite\",\"item\":\"https:\\\/\\\/events.cc-netzwerk.eu\\\/\"},{\"@type\":\"ListItem\",\"position\":2,\"name\":\"Impressum &#038; Datenschutz\"}]},{\"@type\":\"WebSite\",\"@id\":\"https:\\\/\\\/events.cc-netzwerk.eu\\\/#website\",\"url\":\"https:\\\/\\\/events.cc-netzwerk.eu\\\/\",\"name\":\"Events vom CC-Netzwerk\",\"description\":\"Just another WordPress site\",\"potentialAction\":[{\"@type\":\"SearchAction\",\"target\":{\"@type\":\"EntryPoint\",\"urlTemplate\":\"https:\\\/\\\/events.cc-netzwerk.eu\\\/?s={search_term_string}\"},\"query-input\":{\"@type\":\"PropertyValueSpecification\",\"valueRequired\":true,\"valueName\":\"search_term_string\"}}],\"inLanguage\":\"de\"}]}<\/script>\n<!-- \/ Yoast SEO plugin. -->","yoast_head_json":{"title":"Impressum & Datenschutz - Events vom CC-Netzwerk","robots":{"index":"index","follow":"follow","max-snippet":"max-snippet:-1","max-image-preview":"max-image-preview:large","max-video-preview":"max-video-preview:-1"},"canonical":"https:\/\/events.cc-netzwerk.eu\/?page_id=216","og_locale":"de_DE","og_type":"article","og_title":"Impressum & Datenschutz - Events vom CC-Netzwerk","og_description":"Impressum Angaben gem\u00e4\u00df \u00a7 5 TMG: CC-Netzwerk e. V. Schillerstra\u00dfe 2 D-74855 Ha\u00dfmersheim Projektverantwortlich: Heiko Dolgener Schillerstr. 2 74855 Ha\u00dfmersheim Kontakt:E-Mail:\u00a0info@it-die-bewegt.de Telefon: +49 (0)6266 \u2013 23795020 Fax: +49 (0)6266 \u2013 23795029 &nbsp; Verantwortlich f\u00fcr den Inhalt nach \u00a7 55 Abs. 2 RStV: CC-Netzwerk e. V. Schillerstra\u00dfe 2 D-74855 Ha\u00dfmersheim Projektverantwortlich: Ann-Kathrin Radtke Schillerstr. 2 74855 [&hellip;]","og_url":"https:\/\/events.cc-netzwerk.eu\/?page_id=216","og_site_name":"Events vom CC-Netzwerk","article_modified_time":"2017-03-07T17:22:32+00:00","twitter_card":"summary_large_image","twitter_misc":{"Gesch\u00e4tzte Lesezeit":"7\u00a0Minuten"},"schema":{"@context":"https:\/\/schema.org","@graph":[{"@type":"WebPage","@id":"https:\/\/events.cc-netzwerk.eu\/?page_id=216","url":"https:\/\/events.cc-netzwerk.eu\/?page_id=216","name":"Impressum & Datenschutz - Events vom CC-Netzwerk","isPartOf":{"@id":"https:\/\/events.cc-netzwerk.eu\/#website"},"datePublished":"2017-03-07T17:20:53+00:00","dateModified":"2017-03-07T17:22:32+00:00","breadcrumb":{"@id":"https:\/\/events.cc-netzwerk.eu\/?page_id=216#breadcrumb"},"inLanguage":"de","potentialAction":[{"@type":"ReadAction","target":["https:\/\/events.cc-netzwerk.eu\/?page_id=216"]}]},{"@type":"BreadcrumbList","@id":"https:\/\/events.cc-netzwerk.eu\/?page_id=216#breadcrumb","itemListElement":[{"@type":"ListItem","position":1,"name":"Startseite","item":"https:\/\/events.cc-netzwerk.eu\/"},{"@type":"ListItem","position":2,"name":"Impressum &#038; Datenschutz"}]},{"@type":"WebSite","@id":"https:\/\/events.cc-netzwerk.eu\/#website","url":"https:\/\/events.cc-netzwerk.eu\/","name":"Events vom CC-Netzwerk","description":"Just another WordPress site","potentialAction":[{"@type":"SearchAction","target":{"@type":"EntryPoint","urlTemplate":"https:\/\/events.cc-netzwerk.eu\/?s={search_term_string}"},"query-input":{"@type":"PropertyValueSpecification","valueRequired":true,"valueName":"search_term_string"}}],"inLanguage":"de"}]}},"_links":{"self":[{"href":"https:\/\/events.cc-netzwerk.eu\/index.php?rest_route=\/wp\/v2\/pages\/216","targetHints":{"allow":["GET"]}}],"collection":[{"href":"https:\/\/events.cc-netzwerk.eu\/index.php?rest_route=\/wp\/v2\/pages"}],"about":[{"href":"https:\/\/events.cc-netzwerk.eu\/index.php?rest_route=\/wp\/v2\/types\/page"}],"author":[{"embeddable":true,"href":"https:\/\/events.cc-netzwerk.eu\/index.php?rest_route=\/wp\/v2\/users\/2"}],"replies":[{"embeddable":true,"href":"https:\/\/events.cc-netzwerk.eu\/index.php?rest_route=%2Fwp%2Fv2%2Fcomments&post=216"}],"version-history":[{"count":3,"href":"https:\/\/events.cc-netzwerk.eu\/index.php?rest_route=\/wp\/v2\/pages\/216\/revisions"}],"predecessor-version":[{"id":219,"href":"https:\/\/events.cc-netzwerk.eu\/index.php?rest_route=\/wp\/v2\/pages\/216\/revisions\/219"}],"wp:attachment":[{"href":"https:\/\/events.cc-netzwerk.eu\/index.php?rest_route=%2Fwp%2Fv2%2Fmedia&parent=216"}],"curies":[{"name":"wp","href":"https:\/\/api.w.org\/{rel}","templated":true}]}}